he prime factors of 90801?
3, 19, 59
List the prime factors of 1408.
2, 11
What are the prime factors of 2421?
3, 269
What are the prime factors of 12272?
2, 13, 59
What are the prime factors of 503?
503
What are the prime factors of 28343?
7, 4049
What are the prime factors of 45481?
45481
List the prime factors of 1459.
1459
What are the prime factors of 6103?
17, 359
List the prime factors of 329.
7, 47
What are the prime factors of 2046?
2, 3, 11, 31
List the prime factors of 47184.
2, 3, 983
List the prime factors of 3303.
3, 367
List the prime factors of 47814.
2, 3, 13, 613
List the prime factors of 1588.
2, 397
List the prime factors of 1478.
2, 739
What are the prime factors of 12286?
2, 6143
List the prime factors of 631.
631
What are the prime factors of 5194?
2, 7, 53
What are the prime factors of 50968?
2, 23, 277
What are the prime factors of 3989?
3989
List the prime factors of 731.
17, 43
List the prime factors of 690.
2, 3, 5, 23
What are the prime factors of 6500?
2, 5, 13
List the prime factors of 155865.
3, 5, 10391
List the prime factors of 3298.
2, 17, 97
List the prime factors of 3175.
5, 127
List the prime factors of 76972.
2, 7, 2749
List the prime factors of 19443.
3, 6481
List the prime factors of 23455.
5, 4691
List the prime factors of 408.
2, 3, 17
List the prime factors of 3835.
5, 13, 59
List the prime factors of 1763.
41, 43
List the prime factors of 4698.
2, 3, 29
List the prime factors of 4354.
2, 7, 311
What are the prime factors of 459?
3, 17
List the prime factors of 6421.
6421
List the prime factors of 19073.
19073
List the prime factors of 20587.
7, 17, 173
List the prime factors of 4466.
2, 7, 11, 29
What are the prime factors of 12124?
2, 7, 433
What are the prime factors of 12582?
2, 3, 233
List the prime factors of 49278.
2, 3, 43, 191
What are the prime factors of 44337?
3, 14779
List the prime factors of 113021.
113021
List the prime factors of 1119.
3, 373
List the prime factors of 4015.
5, 11, 73
List the prime factors of 117210.
2, 3, 5, 3907
What are the prime factors of 11657?
11657
List the prime factors of 2621.
2621
What are the prime factors of 67980?
2, 3, 5, 11, 103
What are the prime factors of 1192?
2, 149
What are the prime factors of 3615?
3, 5, 241
What are the prime factors of 14138?
2, 7069
List the prime factors of 2832.
2, 3, 59
What are the prime factors of 489?
3, 163
What are the prime factors of 1263?
3, 421
List the prime factors of 630.
2, 3, 5, 7
List the prime factors of 41613.
3, 11, 13, 97
List the prime factors of 1308.
2, 3, 109
List the prime factors of 146.
2, 73
List the prime factors of 4946.
2, 2473
What are the prime factors of 2015?
5, 13, 31
List the prime factors of 37281.
3, 17, 43
List the prime factors of 87194.
2, 43597
What are the prime factors of 16712?
2, 2089
What are the prime factors of 187?
11, 17
List the prime factors of 7574.
2, 7, 541
List the prime factors of 7836.
2, 3, 653
What are the prime factors of 4531?
23, 197
What are the prime factors of 752?
2, 47
List the prime factors of 994.
2, 7, 71
List the prime factors of 1056.
2, 3, 11
What are the prime factors of 14537?
14537
List the prime factors of 4599.
3, 7, 73
List the prime factors of 15866.
2, 7933
List the prime factors of 21559.
21559
List the prime factors of 104567.
17, 6151
List the prime factors of 167270.
2, 5, 43, 389
List the prime factors of 835.
5, 167
What are the prime factors of 4111?
4111
List the prime factors of 7955.
5, 37, 43
What are the prime factors of 13703?
71, 193
List the prime factors of 138554.
2, 13, 73
List the prime factors of 1214.
2, 607
List the prime factors of 10106.
2, 31, 163
What are the prime factors of 3950?
2, 5, 79
List the prime factors of 15058.
2, 7529
What are the prime factors of 2597?
7, 53
What are the prime factors of 32825?
5, 13, 101
What are the prime factors of 4656?
2, 3, 97
What are the prime factors of 166459?
19, 8761
What are the prime factors of 108261?
3, 23, 523
What are the prime factors of 2425?
5, 97
List the prime factors of 20989.
139, 151
List the prime factors of 166674.
2, 3, 27779
List the prime factors of 5428.
2, 23, 59
List the prime factors of 6228.
2, 3, 173
List the prime factors of 3688.
2, 461
List the prime factors of 1616.
2, 101
What are the prime factors of 3726?
2, 3, 23
What are the prime factors of 78777?
3, 8753
What are the prime factors of 13587?
3, 7, 647
List the prime factors of 18262.
2, 23, 397
What are the prime factors of 1080?
2, 3, 5
What are the prime factors of 85?
5, 17
What are the prime factors of 1343?
17, 79
List the prime factors of 172.
2, 43
List the prime factors of 20269.
20269
List the prime factors of 16326.
2, 3, 907
List the prime factors of 2004.
2, 3, 167
List the prime factors of 1432.
2, 179
List the prime factors of 34557.
3, 11519
What are the prime factors of 70180?
2, 5, 11, 29
List the prime factors of 13885.
5, 2777
What are the prime factors of 71337?
3, 7, 43, 79
List the prime factors of 2817.
3, 313
What are the prime factors of 118?
2, 59
What are the prime factors of 1014?
2, 3, 13
List the prime factors of 276.
2, 3, 23
List the prime factors of 176.
2, 11
List the prime factors of 32.
2
List the prime factors of 6298.
2, 47, 67
What are the prime factors of 44415?
3, 5, 7, 47
List the prime factors of 1026.
2, 3, 19
What are the prime factors of 30684?
2, 3, 2557
List the prime factors of 23933.
7, 13, 263
What are the prime factors of 5251?
59, 89
List the prime factors of 17454.
2, 3, 2909
What are the prime factors of 54830?
2, 5, 5483
List the prime factors of 78.
2, 3, 13
List the prime factors of 6941.
11, 631
What are the prime factors of 1130?
2, 5, 113
What are the prime factors of 669?
3, 223
What are the prime factors of 721?
7, 103
What are the prime factors of 2404?
2, 601
What are the prime factors of 2840?
2, 5, 71
List the prime factors of 4652.
2, 1163
What are the prime factors of 8369?
8369
What are the prime factors of 1787?
1787
List the prime factors of 968.
2, 11
List the prime factors of 2890.
2, 5, 17
List the prime factors of 13638.
2, 3, 2273
What are the prime factors of 417?
3, 139
List the prime factors of 1388.
2, 347
List the prime factors of 31475.
5, 1259
List the prime factors of 6939.
3, 257
List the prime factors of 1996.
2, 499
What are the prime factors of 4415?
5, 883
List the prime factors of 1905.
3, 5, 127
What are the prime factors of 454?
2, 227
List the prime factors of 9730.
2, 5, 7, 139
What are the prime factors of 19966?
2, 67, 149
List the prime factors of 139.
139
What are the prime factors of 57761?
11, 59, 89
What are the prime factors of 97873?
97, 1009
List the prime factors of 29006.
2, 14503
What are the prime factors of 9804?
2, 3, 19, 43
What are the prime factors of 41939?
17, 2467
What are the prime factors of 39071?
89, 439
What are the prime factors of 152?
2, 19
List the prime factors of 91925.
5, 3677
List the prime factors of 36225.
3, 5, 7, 23
What are the prime factors of 3395?
5, 7, 97
List the prime factors of 776.
2, 97
List the prime factors of 19919.
19919
List the prime factors of 200.
2, 5
List the prime factors of 273.
3, 7, 13
What are the prime factors of 470?
2, 5, 47
What are the prime factors of 6730?
2, 5, 673
What are the prime factors of 13447?
7, 17, 113
List the prime factors of 95647.
101, 947
List the prime factors of 9997.
13, 769
What are the prime factors of 23886?
2, 3, 1327
What are the prime factors of 50802?
2, 3, 8467
What are the prime factors of 25059?
3, 8353
List the prime factors of 9170.
2, 5, 7, 131
List the prime factors of 66376.
2, 8297
List the prime factors of 1501.
19, 79
List the prime factors of 6102.
2, 3, 113
What are the prime factors of 5362?
2, 7, 383
What are the prime factors of 7163?
13, 19, 29
List the prime factors of 2316.
2, 3, 193
List the prime factors of 32999.
32999
List the prime factors of 907.
907
List the prime factors of 2461.
23, 107
What are the prime factors of 1552?
2, 97
What are the prime factors of 914?
2, 457
List the prime factors of 13539.
3, 4513
List the prime factors of 14756.
2, 7, 17, 31
List the prime factors of 3040.
2, 5, 19
What are the prime factors of 47552?
2, 743
What are the prime factors o